 factor of s and 21.
21
Let o = 60 - 47. Let v(s) = -8*s + 91. Let t be v(0). What is the greatest common divisor of t and o?
13
Suppose -807*l + 48 = -801*l. What is the greatest common factor of l and 28?
4
Suppose w - 4 = 3*s - 2*s, 2*s = -3*w + 7. Let r be (0 - s/(-1))*(-174)/6. Calculate the highest common factor of r and 203.
29
Let l(p) = 3*p + 31. Let y(v) = v**3 - 11*v**2 - 13*v + 3. Let r be y(12). Let k be l(r). What is the greatest common factor of 2 and k?
2
Suppose -15*x - 532 = -19*x. Calculate the greatest common factor of 112 and x.
7
Let i(x) = -x**3 + x**2 + 4. Let f be i(2). Suppose -12*j + 10*j + 48 = f. What is the greatest common factor of 32 and j?
8
Let o = -23 - -50. Let j be ((-15)/2)/((-40)/96). What is the greatest common divisor of o and j?
9
Let v = 8 - -44. Calculate the greatest common divisor of 130 and v.
26
Let s = -377 - -468. Calculate the highest common factor of 7 and s.
7
Let c be (-4)/16 + (-2)/(-8). Let v(o) = -o**3 - 2*o**2 - 2*o - 1. Let y be v(-2). Suppose c*j + 33 = y*j. Calculate the highest common divisor of 22 and j.
11
Let b(s) = 4*s + 4 + 1 - 3. Suppose -2*g + 6 = -u - 0, -g = 2*u - 13. Let x be b(u). Calculate the greatest common divisor of 9 and x.
9
Suppose -1 = 3*m + 4*k, 10*m - 31 = 7*m + 4*k. Calculate the highest common divisor of 5 and m.
5
Let a(n) = n**3 - 2*n**2 + 5*n + 3 + 2*n - 4*n - 5*n**2. Let g be a(7). Calculate the highest common factor of 192 and g.
24
Let b be -1 - (4 + -2) - -3. Suppose b*v = 5*v - 2*d + 3, -4*v = 3*d - 16. Let c be (0 - -1) + (v - -10). Calculate the greatest common divisor of c and 6.
6
Suppose -4*v + v = -3*y + 213, v - 201 = -3*y. What is the greatest common factor of 544 and y?
68
Suppose 0 = 34*w - 7916 - 142. What is the greatest common factor of w and 79?
79
Suppose 35*a + 255 = 40*a. What is the highest common divisor of a and 15?
3
Suppose 0*p + 2*p + x = 250, 3*p = -x + 376. What is the greatest common divisor of p and 189?
63
Let n be 146/4 + 9/(-18). Suppose -n = -3*u - v, 0 = u - 2*u + 3*v + 12. What is the highest common divisor of 48 and u?
12
Let u be 84/196 - 176/(-14). Calculate the highest common factor of 91 and u.
13
Let a(t) = -t**3 + t + 40. Let g be a(0). Let q be (7/2)/(8/16). Let r = q - -9. What is the highest common factor of r and g?
8
Suppose -2*j = -j + 2*i - 176, 2*i = -4*j + 704. Let o(x) = 25*x**3 - 275*x**2 + x + 5. Let f be o(11). Calculate the highest common divisor of j and f.
16
Let o = -3 - -17. Let c(i) = 15*i + 4. Let v(w) = -76*w - 20. Let l(x) = -11*c(x) - 2*v(x). Let s be l(-3). What is the greatest common factor of s and o?
7
Let n be 1 - (-4)/(-2) - -47. Suppose 6*w - 549 - 267 = 0. Suppose -5*o - n = -w. Calculate the highest common factor of o and 2.
2
Let j = 35990 - 35944. Let o(p) = 46*p**3 + p**2 - 3*p + 2. Let r be o(2). What is the highest common divisor of j and r?
46
Suppose 0 = -4*z + 5*t - 113, 2*z - 4*t = -37 - 27. Let x be 1*-1 - 56/(-1). Let u = x - z. What is the greatest common divisor of 7 and u?
7
Let l be 72/288 - (35/3)/((-8)/6). Let o = 118 + -1. Calculate the greatest common factor of o and l.
9
Let c(x) = -x**3 + 21*x**2 - 2*x + 204. Let i be c(20). Calculate the highest common divisor of i and 84.
12
Suppose -7*c + 2954 = -154. Calculate the greatest common divisor of c and 36.
12
Let l = 28 + -8. Let v be (0 + 5)*56/l. Suppose s = -4*b + 47, -s - 27 = -4*b + v. What is the highest common divisor of b and 88?
11
Let s = -13 + 28. Let n = -5 + s. Suppose -3*y = 4*w - 508 + 137, n = 5*w. What is the greatest common factor of 11 and y?
11
Suppose 3*t + 18 = q, 12*q - 82 = 8*q + 2*t. Suppose 3*a - 420 = -a. What is the greatest common divisor of q and a?
21
Let t(m) = 13*m - 1. Let o be 58/4 + (-15)/10. Let l = o - 12. Let c be t(l). Calculate the greatest common divisor of c and 8.
4
Let n = 17 - 12. Suppose n*c + 0*c = -5. Let o = 5 + c. What is the greatest common divisor of o and 44?
4
Let r be (-1 + -965)/(-3) + 3. Let a = r + -208. Let n(z) = 8*z - 3. Let c be n(2). Calculate the highest common divisor of c and a.
13
Suppose -4 + 0 = -s. Suppose -3*w + 7*w - 746 = -q, 5*w - s*q = 943. What is the greatest common divisor of w and 17?
17
Let p be (-6274)/(-38) - 80/760. Let w = -32 + -1. Let h = w - -66. Calculate the highest common factor of h and p.
33
Let n be (117/(-7))/(-1) + 92/322. Suppose 2*f + 5*d = 25, 3*d + 44 = 3*f + 4*d. Suppose -w = -121 - f. What is the greatest common factor of n and w?
17
Let y(p) = 2*p**2 - p - 4. Let k be y(4). Suppose -5*i + 272 = 12*i. What is the greatest common factor of i and k?
8
Suppose 3*t - 188 = -3*f + 316, -658 = -4*f + 3*t. Let d = f - 141. Calculate the highest common factor of d and 325.
25
Let h be 186/14 - 2/7. Let k(j) = -j - 3. Let f(z) = -5*z - 10. Let s(n) = -2*f(n) + 9*k(n). Let i be s(h). What is the highest common divisor of i and 15?
3
Let n(k) be the third derivative of k**4/3 - k**3/3 - 31*k**2. Let u be n(4). What is the greatest common divisor of u and 15?
15
Let j = 4 - 8. Suppose p - 4*w - 16 = 0, p + w - 5 = 6. Let a = p - j. Calculate the greatest common divisor of 64 and a.
16
Suppose 6*y = y + 115. Suppose 4*h = 3*q - 209, 4*q - 5*q = -h - 71. Let t = y + q. Calculate the greatest common divisor of t and 14.
14
Let u be (80/(-25))/(4/(-210)). Let o = -46 - -67. Calculate the greatest common divisor of u and o.
21
Let s be 10/((-60)/9)*44/(-6). Calculate the greatest common divisor of s and 341.
11
Suppose 28 = -2*g + g. Let x = -4 - g. What is the greatest common divisor of x and 24?
24
Suppose 59 = 3*s + 5*r - 252, 0 = 3*r - 3. Calculate the greatest common factor of s and 6.
6
Let m be (-1)/(-1) + (-1 - -80). Let u be (16 - (7 + -1))/1. Calculate the highest common factor of u and m.
10
Suppose 3*j - 24 = -h, 3*j + 16 = h - 8. Calculate the highest common factor of 348 and h.
12
Suppose n - 7*s = -3*s + 1314, 0 = 3*n + s - 3890. What is the highest common factor of n and 118?
118
Let b(w) = -4*w**3 + 3*w**2 - 3*w + 2. Let y(g) = g**2 + g. Let l be y(1). Let h be b(l). Let d = 2 - h. What is the highest common factor of 182 and d?
26
Suppose -406 - 714 = -20*f. Calculate the greatest common factor of f and 112.
56
Let i = -81 + 86. What is the greatest common factor of 135 and i?
5
Let q be 9/(-24) + (-3204)/(-96). What is the highest common factor of 6 and q?
3
Let z be (6/(-18))/((-3)/99). Suppose -z*y + 42 = -24. Calculate the greatest common divisor of 42 and y.
6
Let k be (1*8)/((-205)/(-9840)). Calculate the greatest common divisor of 60 and k.
12
Suppose 2*x - 12 = -4*c + 6, -2*x = c - 15. Let m(g) = g**2 - 5*g - 3. Let n be m(x). Suppose -4*l + n = -5. What is the highest common factor of l and 36?
4
Let g(m) = -m**3 - 8*m**2 - 6*m + 9. Let d be g(-7). Let a(b) = 2*b**3 - b**2 - 3*b + 2. Let w be a(d). Calculate the highest common factor of 4 and w.
4
Let s = 788 - -92. Let k be s/7 - (-4)/14. Let x be ((-4)/(-40)*-28)/((-1)/5). Calculate the highest common factor of k and x.
14
Suppose -3*l - 47 = 88. Let d = -26 - l. Let w = -87 + 296. What is the greatest common divisor of w and d?
19
Let c be 102/14 + 4/(-14). Let t be (1 + (-33)/(-21))*c. Suppose -146 = -4*j + 430. What is the highest common divisor of j and t?
18
Suppose -2*x - 9*x + 1342 = 0. What is the greatest common factor of x and 793?
61
Let p(i) = -i + 10 + 13 + 5*i - 28 + i**2. Let f be p(-7). Suppose -11*w + f*w - 50 = 0. What is the greatest common factor of 10 and w?
10
Let o(z) = z**3 + 6*z**2 + 6*z + 1. Let m be o(-4). What is the highest common factor of 171 and m?
9
Let a = 74 - 64. Suppose 14*r = a*r + 192. What is the greatest common factor of 12 and r?
12
Let h be -6 + 2603 + (-1 - (-12)/(-3)). Calculate the greatest common divisor of h and 162.
162
Let q be 34/(-119) - (-900)/14. Let r = -408 - -416. What is the highest common divisor of q and r?
8
Let a = -91 - -124. What is the highest common divisor of a and 88?
11
Suppose 4*v - 5*z = 11, -2*z - 5 = -0*v - v. Let s be 1*(-18)/2*v. Suppose -5*n + 2*d = 7*d - 385, 247 = 3*n - d. What is the highest common factor of s and n?
9
Let o = 36 + -29. Let r(p) = p**3 - 6*p**2 - 5*p - 8. Let g be r(o). Let c be ((-11)/1)/(2/(-12)). Calculate the greatest common divisor of g and c.
6
